-3 - 0). Let r = 10 - 6. Suppose -r = -t + i. What is the units digit of t?
7
Let h be (3 - 3) + -2 + 2. Suppose h*s - 34 = -2*s. What is the units digit of s?
7
Suppose -l + 7 + 19 = 0. What is the tens digit of l?
2
Let t(n) = -n**2 - 9*n + 4. Let f be t(-9). Suppose 2*y = -4*g + 22 + 8, 0 = 4*y + f*g - 68. What is the tens digit of y?
1
Let b(h) = h**2 + 3*h + 2. Let y(i) = i**2 - 3*i + 3. Let o be y(3). Let m be b(o). What is the units digit of ((-24)/m)/((-2)/5)?
3
What is the units digit of 1/((-14)/(-540)) - (-3)/7?
9
Suppose -3*c + 8*c = -5, 5*s + 5*c - 450 = 0. Suppose -7 = 4*a - s. Suppose a = 5*o + 1. What is the units digit of o?
4
Suppose 58 = -18*x + 19*x. What is the units digit of x?
8
Let v(t) = 2*t**3 - 14*t**2 - 15*t + 3. Let f(g) = g**3 - 7*g**2 - 7*g + 1. Let p(u) = 5*f(u) - 3*v(u). Let x be p(8). What is the units digit of 66/8 - 3/x?
8
Let a be 2/11 - 9/(-11). Let x = a - -11. What is the units digit of x?
2
Let b = -60 - -65. What is the units digit of b?
5
Let u = 43 - 29. What is the units digit of u?
4
Suppose -3*n = -7*n + 28. What is the units digit of (0 + -3 + 4)*n?
7
Suppose i - 155 + 92 = 0. What is the units digit of i?
3
Suppose 0 = 4*a - 7*a - 9. Let w be 5*a/((-15)/(-2)). Let p(o) = -4*o. What is the units digit of p(w)?
8
Let m = -365 + 545. What is the tens digit of m?
8
Let m(z) = -z**3 - 2*z**2 + 5*z + 1. Let i = 7 - 11. Let x be m(i). Suppose 5*c = x - 3. What is the units digit of c?
2
Suppose 0*s + m = 4*s - 273, 0 = -4*s - 5*m + 243. What is the tens digit of s?
6
Suppose 2*g - 13 - 15 = 0. Suppose -4*p - 5*n = -162, p - 3*n - 46 = -g. Suppose -x + 36 = 5*y, -5*x + 10 = -y + p. What is the units digit of y?
8
Let a = 1 - -2. Suppose 5*b = -s + 17, -a*s + 6 = -0*s. What is the units digit of b?
3
Suppose -48 + 156 = 3*v. What is the tens digit of v?
3
Suppose -4*b - 85 = 67. Let m = b - -53. What is the tens digit of m?
1
Suppose -5*i + 198 = -5*g - 282, 0 = 4*i - g - 381. What is the units digit of i?
5
Suppose -16*k + 20*k = 80. What is the units digit of k?
0
Let y(a) = -a**2 + 3*a + 1. Let q be y(4). What is the units digit of -3 + (q - (3 - 14))?
5
Let d = -623 + 943. What is the units digit of d?
0
Let o be 1 - (-4 - 44/(-1)). Let u = -5 - o. What is the units digit of u?
4
Let x(d) = -2*d**3 + d**2 + 3*d + 2. Let s be x(2). Let j(n) = -2*n**3 - 4*n**2 + 3*n - 4. What is the units digit of j(s)?
8
Suppose -5*s + 572 = 4*n - 3*s, 2*n + 4*s - 274 = 0. What is the hundreds digit of n?
1
Suppose -2*m + m = -14. Let t be 12/7 - (-4)/m. Suppose 10 = -2*b, -y + 13 = -0*b - t*b. What is the units digit of y?
3
Let p(c) = c**2 + 6*c - 5. What is the units digit of p(5)?
0
Let i be (-3)/6*(4 - 4). Suppose i = 4*p - 20, -3*t = -0*p + 5*p - 133. What is the units digit of t?
6
Suppose -5*j - 89 = -5*g - j, 0 = 3*j + 3. What is the units digit of g?
7
What is the units digit of -6 - -6 - (-118)/1?
8
What is the tens digit of (29/(-4))/(-1)*(-21 - -25)?
2
Let v(f) = f**3 - 24*f**2 - 19*f - 24. What is the tens digit of v(25)?
2
Suppose 0 = -5*y - 2*h + 3, -5*h - 1 = -2*y + 6*y. Let m(p) = 5*p**2 - 2*p + 1. Let f be m(y). Suppose f*g = -2 + 6. What is the units digit of g?
1
Suppose 2*h - 15 = -5*d, -5*h + 5*d = 2*d - 22. Suppose 2*l - 2 = -b - 0*l, 3*b + 5*l = h. Suppose 0 = -b*u + 3*u - 39. What is the units digit of u?
3
Let h(g) = -g**3 - 8*g + 6*g**2 + 0 - 4 + 2*g**3. Let l be h(-7). What is the units digit of 11 - (-9)/l - 2?
2
Suppose 4*p - 7 = 1. Let d = p + 8. What is the units digit of d?
0
Let f(b) be the second derivative of -b + 0 - 9/2*b**2 + 1/2*b**3. What is the units digit of f(6)?
9
Let j be (4/(-5))/(2/(-5)). Let y(g) = 21*g - 6. Let p(o) = -11*o + 3. Let a(q) = 7*p(q) + 4*y(q). What is the tens digit of a(j)?
1
Suppose -218 = -7*z + 1217. What is the tens digit of z?
0
Let q(u) = -u**2 + 9*u + 5. Let s be q(7). Let w = 49 - s. What is the tens digit of 342/w - 4/10?
1
Suppose 5*n - 413 = -123. What is the tens digit of n?
5
Let f be ((-6)/(-4))/(3/20). Let m = -7 + f. Let u = m - 0. What is the units digit of u?
3
Suppose -4*p - 8 - 15 = -k, -k + 2*p + 13 = 0. What is the units digit of k?
3
What is the units digit of (-147)/(-7) - 0/(1/1)?
1
What is the units digit of (3 + -2)/((-4)/(-164))?
1
What is the units digit of 3 + (16 - (-5 - -1))?
3
Let o = -277 + 194. Let u = -46 - o. What is the tens digit of u?
3
Let l(c) = 2*c**3 - 3*c**2 + 2*c - 3. Let j be l(2). Suppose -m - 24 = -j*m. What is the units digit of m?
6
Let h = -17 - -49. What is the units digit of h?
2
Let w(b) = b**3 + 2*b**2 - 5*b - 3. Let n be 76/(-28) + (-2)/7. Let i be w(n). Suppose i*p - y = -0*p + 58, -2*p + 57 = 3*y. What is the tens digit of p?
2
Let f(v) = -v**2 + 4*v + 5. Let c be f(5). Let j = c - -3. Suppose -j = 4*a - 27. What is the units digit of a?
6
Suppose -5*s + 2*s + 339 = 0. What is the units digit of s?
3
Let t = 6 - 1. Suppose -5*p - 2*n - 8 = 0, -p + 5 = t*n + 25. Suppose 4*k - 8 = p, 2*a = -2*a - 4*k + 48. What is the tens digit of a?
1
Let j be 2*1 - (8 - 6). Let t = j + 12. What is the tens digit of t?
1
Let c be 8/20 - 106/(-10). Suppose -c = w - 36. What is the tens digit of w?
2
Suppose -2*u + 2 + 4 = 0. Let t = u + -1. Suppose -t*x + 56 = 2*x. What is the units digit of x?
4
Let z(a) = -4*a**3 + 1. Let p be z(1). Let l be p/12 + 55/(-4). What is the units digit of (-4)/l - (-40)/7?
6
Suppose 3*g = 23 + 40. Suppose -g = 2*o + 11. Let t = o + 26. What is the units digit of t?
0
Let s(r) = r - 9. Let h(t) = 4. Let u(c) = 9*h(c) + 4*s(c). What is the tens digit of u(9)?
3
Suppose -134 = -4*a + 94. What is the tens digit of a?
5
Suppose -c - 4*c - 2 = 2*m, c - 5*m = -22. Let w(f) = 2*f**2 + f - 2. Let u be w(c). Suppose -i + u + 4 = 0. What is the units digit of i?
8
Let l(k) = -9*k + 25. What is the hundreds digit of l(-14)?
1
Suppose -c - 1 = -5*o - 9, 3*o = 4*c - 15. What is the units digit of (-8)/((-3)/c*1)?
8
Let n = 4 - 9. Let g be (-1 + -2)/((-1)/(-3)). Let o = n - g. What is the units digit of o?
4
Let q = 12 + -1. What is the units digit of q?
1
Suppose 4*i + v - 900 = 4*v, 2*i = -v + 440. What is the tens digit of i?
2
Let j(i) = -i - 7. Let v be j(-5). Let c be ((-2)/(-4))/(v/(-24)). Suppose -s + c*l - 2*l + 5 = 0, 4*s = -4*l + 20. What is the units digit of s?
5
What is the units digit of 7/(4/(-8) - 5/(-8))?
6
Let t(i) = 22*i**2 + 6*i + 6. Let v be t(-4). Suppose -3*s - 2*x + v = 0, 2 = -0*x + x. What is the units digit of s/7 - 12/(-42)?
6
Let l(w) = 13*w**2 + 12*w - 18. What is the tens digit of l(3)?
3
Let r be (0 + 1)/(-1) + -6. Let a(v) = v - 2. Let w be a(r). Let z = 28 + w. What is the units digit of z?
9
Let s = 118 + -30. Suppose 5*t + 4*q = s, 2*t - 34 = -5*q + 3*q. What is the units digit of t?
0
Let q = 50 - 32. What is the tens digit of (q/(-4))/((-2)/8)?
1
Suppose 0 = -4*a - 0*a + 16. What is the units digit of (a*12/(-3))/(-2)?
8
Let u(j) = -2*j**3 + 5*j**2 - j + 1. Let b(x) = x**3 - 2*x**2. Let f(s) = -9*b(s) - 4*u(s). What is the tens digit of f(-4)?
1
Let v(q) = q**2 - 5*q + 9. What is the units digit of v(-4)?
5
What is the units digit of (-114)/8*48/(-9)?
6
Suppose 3*b + 48 = -n - 0*n, 66 = -4*b - 2*n. What is the units digit of 50/8 - b/20?
7
Suppose 2*s - 5*l = 528, -s - 2*l + 5*l + 264 = 0. What is the hundreds digit of s?
2
Let p(g) = -g - 1. Let w be p(-3). What is the tens digit of (42/(-5))/(w/(-5))?
2
Let y(g) = 3*g - 2. Let s(u) = -u - 9. Let n be s(-5). Let t = 6 + n. What is the units digit of y(t)?
4
Let v = -113 - -159. What is the tens digit of v?
4
Let t be 14/(-6) - (-5)/15. What is the tens digit of t*5*(-15)/10?
1
Let d = -14 + 44. What is the units digit of d?
0
Suppose 0 = -10*c - 742 + 3152. What is the hundreds digit of c?
2
Let t = 134 - 50. What is the units digit of 35/14*t/10?
1
Let o = -16 + 18. What is the units digit of o?
2
Suppose 0 = 5*n + n - 486. What is the tens digit of n?
8
Suppose 4*k + 6 = -3*o + k, -4*k - 12 = 2*o. Suppose u + 7 = 5*i, -3*u + 4*i = o*u + 14. What is the units digit of (0 + u - -5)*3?
9
Let j be 1 + 4 - (2 + -2). Suppose j*x + 55 = -0*x. What is the units digit of (-1*1)/(x/253)?
3
Let n(t) = t**3 + 8*t**2 - 9*t + 5. Let m(u) = -u**3 + 4*u**2 + 7*u - 6. Let l be m(5). Suppose x + 5 = -l. What is the unit